.
39
Let t = 135 - 78. Suppose 918 = 7*d + t. What is the remainder when d is divided by 42?
39
Suppose 149*w = 141*w + 600. Calculate the remainder when 170 is divided by w.
20
What is the remainder when 573 is divided by ((-18)/10)/(17*(-29)/2465)?
6
Suppose 17*i = -3*i + 692 + 8488. What is the remainder when i is divided by 51?
0
Let f = 2481 + -2474. Let x(a) = a**3 + a + 1. What is the remainder when x(2) is divided by f?
4
Suppose -3*v + 6 = 0, 0*y - 2*y = 3*v - 48. Suppose 0 = -2*n + 3*u + 181, u + 58 = 5*n - 362. What is the remainder when n is divided by y?
20
Suppose -45*p + 1100 - 65 = 0. What is the remainder when 49 is divided by p?
3
Suppose -61 = -g + 5*m + 80, 2 = -m. Suppose 105 = 4*l + z, -z + g = -0*l + 5*l. What is the remainder when l is divided by 24?
2
Let j(i) = -136*i - 2844. Calculate the remainder when 465 is divided by j(-24).
45
Suppose n + 2 = -1. Suppose -28318*z + 636 = -28312*z. What is the remainder when z is divided by n + 6*(-7)/(-2)?
16
Let i(j) = j**3 + j**2 - 5*j - 4. Let d be i(5). Let u = d - 120. Suppose -w + 2 - u = 0, -4*f = 5*w - 573. What is the remainder when f is divided by 29?
26
Suppose -25*p = 35*p - 4*p - 42224. What is the remainder when p is divided by 244?
22
Suppose 2696 = 11*k - 6181. Calculate the remainder when k is divided by 136.
127
Suppose 3*n - 2843 = -j, 4*n = -2*j + 3134 + 654. Calculate the remainder when n is divided by 190.
189
Let o be 5*(-10)/(-25)*1. Suppose -2*h + 16 + 18 = 0. What is the remainder when o/((-168)/86 + 2) is divided by h?
9
Suppose -a + 62 = -4*v - 27, -5*v = 25. Let r = -30 - -92. Let m = a - r. What is the remainder when 11 is divided by m?
4
Let w = -551 - -232. Let b = w - -136. Let r = -131 - b. What is the remainder when r is divided by 9?
7
Suppose 136*i + 140*i = 277*i - 158. What is the remainder when i is divided by 27?
23
Let t(q) = -q**3 + 8*q - 2. Suppose 16 = -3*o - 0*n + 2*n, 5*n = 2*o + 7. Let m = 60 - 26. Calculate the remainder when t(o) is divided by m.
30
Suppose 0 = -2*h + 6*h. Suppose 3*f = -5*s + 390, 2*s + f - 155 = -h*f. Let d = 91 + -64. Calculate the remainder when s is divided by d.
21
Suppose 46*o - 62924 = o + 41206. What is the remainder when o is divided by 83?
73
Let w(k) = -k**3 - 37*k**2 - 72*k - 4. Suppose 4*x = -d - 143, 38*x = 36*x - 4*d - 82. What is the remainder when 187 is divided by w(x)?
55
Let k(d) = 17*d + 25. Calculate the remainder when (-53)/3*(-6 - -3) is divided by k(-1).
5
Suppose -2*f - 39 = 5*k - 702, -4*k - 4*f + 516 = 0. What is the remainder when k is divided by 41?
12
Let a(b) = -2*b + 15. Let s be a(8). What is the remainder when (-19107)/(-297) - (0 - s/3) is divided by 5?
4
Let o(a) = -2*a - 7. Let n = -17173 - -17322. Calculate the remainder when n is divided by o(-6).
4
Let d = 1 - 1. Suppose 0 = -l - y + 12, 2*l + 2*l + 5*y - 44 = d. Suppose -58*j + 267*j - 12331 = 0. Calculate the remainder when j is divided by l.
11
Suppose -240 = -5*z - 2*j, -z - 5 = 5*j - 76. Suppose -5*v = -1149 + 254. What is the remainder when v is divided by z?
41
Suppose -7*b - 3*w = -5*b - 6, 4*b = -5*w + 12. Calculate the remainder when -3*(-102)/18 - b is divided by 6.
2
Let c(r) = 2*r**2 + 5*r + 2. Let j be c(-7). Let s = 67 - j. Suppose 5*w = s*w - 2*d + 76, 5*w - 115 = -d. Calculate the remainder when w is divided by 8.
6
Suppose 4*n - 404 = -4*f, -16*n - f + 202 = -14*n. Suppose x - 279 + n = 0. What is the remainder when x is divided by 64?
50
Let b(t) = 6*t**2 + 13*t - 22. Let r be b(10). Suppose -f - r = 11*f. Let z = -47 - f. Calculate the remainder when z is divided by 9.
3
Suppose -2*h - 4579 + 269 = -7*h. Calculate the remainder when h is divided by 425.
12
Suppose 605 = 7*m - 655. What is the remainder when m is divided by (-10 - 55/(-5))/((-1)/(-62))?
56
Let h(c) = c**2 + 15*c + 2. Let x be h(-15). Suppose 0 = -x*s - 2, -2*t = -10*s + 6*s - 86. Calculate the remainder when t is divided by 4.
1
Suppose 0 = 3*v - 5*d + 303, -5*v = 3*d + 382 + 123. Let i = v + 166. Suppose 0 = -3*a + 228 - 186. What is the remainder when i is divided by a?
9
Suppose 10 = -5*z - 5*y, -5*y - 22 - 6 = -4*z. Suppose 0 = -z*t - 3*b + 245, 0*t - 3*b = -3*t + 330. Calculate the remainder when t is divided by 30.
25
Let c be -8 + 9 + 2*3/(-6). Let n(r) = r**3 + 3*r**2 + r + 24. Let b be n(c). Suppose 27*j - 33*j + b = 0. Calculate the remainder when 27 is divided by j.
3
What is the remainder when 11/99 + -8 + (-33250)/(-126) is divided by 165?
91
Suppose -4*c + 2*w = -132, 0 = -c + 3*w - 7*w + 33. Let p = -921 - -984. What is the remainder when p is divided by c?
30
Suppose -2914 = 47*k - 47*k - 47*k. Calculate the remainder when 1442 is divided by k.
16
Let r(i) = 13*i**2 - 245*i - 274. What is the remainder when 180 is divided by r(20)?
24
Let r(y) = 20 + 2*y + 2*y - 10*y + 10 + 17*y. What is the remainder when 84 is divided by r(4)?
10
Let g(s) = -2*s**3 - 54*s**2 - 12*s + 47. Calculate the remainder when g(-27) is divided by 12.
11
What is the remainder when (2 - (-36)/(-15))/((-1)/14870) is divided by 50?
48
Let l = -210 - -666. Let v = 578 - l. Calculate the remainder when v is divided by 13.
5
Let z = -4378 - -4452. Calculate the remainder when 100 is divided by z.
26
Let p(q) = 7*q**2 + 67*q - 209. Calculate the remainder when p(-19) is divided by 127.
29
Let b(o) = 4*o**2 - 27*o + 26. Calculate the remainder when b(26) is divided by 58.
56
Let o(f) = -2*f**3 - 5*f**2 - f + 5. Let d be (-18)/8*56/42. What is the remainder when 31 is divided by o(d)?
14
What is the remainder when 8381 is divided by (40/(-320))/((-9)/9432)?
128
What is the remainder when 1607 is divided by ((-1)/7)/((-48)/266784)?
19
Suppose -1771 = -368*y + 685 + 1592. Calculate the remainder when 1546 is divided by y.
6
Let c(x) = x**3 + 8*x**2 + x + 11. Let v be c(-8). Let h be (9 - 12)*((-136)/v - 0). Suppose -2*j - 80 = -h. Calculate the remainder when j is divided by 18.
10
Let j be (-142)/(-6) + (-2)/(-6). Suppose -5*k + j = -1. Calculate the remainder when 24 is divided by (0 - (-28)/k)/((-4)/(-10)).
10
Let j(s) = -s**2 + 20*s + 26. Let c(d) = -d**2 + 14*d - 4. Let r be c(11). Let f = r + -17. Calculate the remainder when f is divided by j(21).
2
Suppose k + 64 = 59. Calculate the remainder when 69 is divided by k/(-5*(-4)/(-12)).
0
Suppose -2*c = 3*j - 72 + 20, -4*c - 4*j = -96. What is the remainder when 2697 is divided by c?
17
Suppose -226 = 85*w - 89*w - 2*d, 5*d = -15. Calculate the remainder when 975 is divided by w.
47
Let k(x) = x**3 + 17*x**2 - 20*x - 29. Let o be k(-18). Let v(a) = -a + 40. Calculate the remainder when 60 is divided by v(o).
27
Suppose 154568 = 61*m + 156*m - 223229. What is the remainder when m is divided by 125?
116
Suppose 214*o - 213*o = 565. Suppose -36*h + 2617 - o = 0. Calculate the remainder when 69 is divided by h.
12
What is the remainder when ((-3835)/(-26))/(2/(-12))*3/(-3) is divided by 16?
5
Let x(q) = -62*q + 1210. What is the remainder when 431 is divided by x(16)?
213
Suppose -15 = -5*o + 4*y, -3*o + 3*y + 15 - 6 = 0. Suppose 48 = -o*a + 66. Calculate the remainder when 26 is divided by a.
2
Let d be (-2 + -2)/((-5)/65). Let h = d - 29. Calculate the remainder when -3 + 4 + 0 + 65 is divided by h.
20
What is the remainder when (-24922)/(-34) - (-32)/(2 + 2) is divided by 71?
31
Suppose 33*j - 36*j - 33 = 0. Let z = j - -7. Calculate the remainder when 10 is divided by ((-1)/((-14)/z))/(2/(-14)).
0
Let d(v) = -1 - 1 + 0 - 107*v + 5 - 1. What is the remainder when d(-1) is divided by 16?
13
Let s be 1110/150 + 2/10*-2. Suppose b + 2*m = s*m + 106, 0 = -m - 3. Calculate the remainder when b is divided by 23.
22
Let s(g) = -g**2 + 101*g + 367. Calculate the remainder when 288 is divided by s(104).
13
Let q = -641 - -1111. Let k = -459 + q. Calculate the remainder when 64 is divided by k.
9
Calculate the remainder when (-43)/(-129) + (-24418)/(-6) is divided by 21.
17
Let o = -289 - -190. Let w = 33 + o. Let r = w + 73. What is the remainder when 34 is divided by r?
6
Let j(m) = 2*m**2 - 43*m - 77. Calculate the remainder when 4298 is divided by j(24).
41
Suppose -299 = -4*u + 217. Suppose 571 - 4841 = -122*o. Calculate the remainder when u is divided by o.
24
Let d be (1 - (-4)/2)*440/(-66). Calculate 